{"id":6519,"date":"2025-10-20T16:08:43","date_gmt":"2025-10-20T23:08:43","guid":{"rendered":"https:\/\/www.calpower.com\/web\/?post_type=product&#038;p=6519"},"modified":"2025-10-22T14:46:05","modified_gmt":"2025-10-22T21:46:05","slug":"loadbanks-direct-1250kw-es","status":"publish","type":"product","link":"https:\/\/www.calpower.com\/web\/shop\/generadores-marinos\/loadbanks-direct-1250kw-es\/","title":{"rendered":"LoadBanks Direct 1250Kw"},"content":{"rendered":"<div class=\"page\" title=\"Page 1\">\n<div class=\"section\">\n<div class=\"layoutArea\">\n<div class=\"column\">\n<p>El banco de carga estacionario LS1250<\/p>\n<p>Un banco de carga robusto y de alta capacidad listo para su uso en exteriores.<\/p>\n<p>El banco de carga estacionario LS1250 ofrece el dise\u00f1o para exteriores m\u00e1s robusto y de mayor capacidad del sector. LBD est\u00e1 estableciendo el est\u00e1ndar con controles inteligentes para el operador, dise\u00f1os de indicaci\u00f3n de seguridad, resoluci\u00f3n de pasos de carga ajustable y facilidad de instalaci\u00f3n. El LS1250 es la soluci\u00f3n perfecta para las pruebas y la puesta en marcha programadas regularmente de los sistemas de energ\u00eda de emergencia de reserva cr\u00edticos para la misi\u00f3n.<\/p>\n<p>Construcci\u00f3n | Fabricado para durar<\/p>\n<p>El LS1250 est\u00e1 fabricado en acero galvanizado con un acabado de pintura en polvo duradero de la m\u00e1s alta calidad y sujetadores externos de acero inoxidable. Todas las conexiones de alimentaci\u00f3n, motor y control se encuentran en un compartimento sellado, climatizado y controlado por termostato para limitar los efectos nocivos de la humedad y la condensaci\u00f3n.<\/p>\n<p>La carcasa es de tipo fijo, para exteriores, y se instala y opera en el piso, el techo o una plataforma de concreto. La base cuenta con canales para montacargas que facilitan la elevaci\u00f3n y el manejo durante la instalaci\u00f3n.<\/p>\n<div class=\"page\" title=\"Page 1\">\n<div class=\"section\">\n<div class=\"layoutArea\">\n<div class=\"column\">\n<p><strong><a href=\"https:\/\/www.calpower.com\/web\/wp-content\/uploads\/LS1250-Stationary-Load-banks.pdf\">Descargar PDF<\/a><\/strong><\/p>\n<\/div>\n<\/div>\n<\/div>\n<\/div>\n<\/div>\n<\/div>\n<\/div>\n<\/div>\n","protected":false},"excerpt":{"rendered":"<p>El banco de carga estacionario LS1250 Un banco de carga robusto y de alta capacidad listo para su uso en exteriores. El banco de carga estacionario LS1250 ofrece el dise\u00f1o para exteriores m\u00e1s robusto y de mayor capacidad del sector. LBD est\u00e1 estableciendo el est\u00e1ndar con controles inteligentes para el operador, dise\u00f1os de indicaci\u00f3n de [&hellip;]<\/p>\n","protected":false},"featured_media":960,"comment_status":"closed","ping_status":"closed","template":"","meta":{"_acf_changed":false,"_joinchat":[]},"product_brand":[45],"product_cat":[482],"product_tag":[441],"class_list":{"0":"post-6519","1":"product","2":"type-product","3":"status-publish","4":"has-post-thumbnail","6":"product_brand-load-banks-direct","7":"product_cat-generadores-marinos","8":"product_tag-es","10":"first","11":"instock","12":"shipping-taxable","13":"product-type-simple"},"acf":[],"_links":{"self":[{"href":"https:\/\/www.calpower.com\/web\/wp-json\/wp\/v2\/product\/6519","targetHints":{"allow":["GET"]}}],"collection":[{"href":"https:\/\/www.calpower.com\/web\/wp-json\/wp\/v2\/product"}],"about":[{"href":"https:\/\/www.calpower.com\/web\/wp-json\/wp\/v2\/types\/product"}],"replies":[{"embeddable":true,"href":"https:\/\/www.calpower.com\/web\/wp-json\/wp\/v2\/comments?post=6519"}],"wp:featuredmedia":[{"embeddable":true,"href":"https:\/\/www.calpower.com\/web\/wp-json\/wp\/v2\/media\/960"}],"wp:attachment":[{"href":"https:\/\/www.calpower.com\/web\/wp-json\/wp\/v2\/media?parent=6519"}],"wp:term":[{"taxonomy":"product_brand","embeddable":true,"href":"https:\/\/www.calpower.com\/web\/wp-json\/wp\/v2\/product_brand?post=6519"},{"taxonomy":"product_cat","embeddable":true,"href":"https:\/\/www.calpower.com\/web\/wp-json\/wp\/v2\/product_cat?post=6519"},{"taxonomy":"product_tag","embeddable":true,"href":"https:\/\/www.calpower.com\/web\/wp-json\/wp\/v2\/product_tag?post=6519"}],"curies":[{"name":"wp","href":"https:\/\/api.w.org\/{rel}","templated":true}]}}