{"id":6504,"date":"2025-10-20T15:20:25","date_gmt":"2025-10-20T22:20:25","guid":{"rendered":"https:\/\/www.calpower.com\/web\/?post_type=product&#038;p=6504"},"modified":"2025-10-22T15:19:43","modified_gmt":"2025-10-22T22:19:43","slug":"abbi-10art-es","status":"publish","type":"product","link":"https:\/\/www.calpower.com\/web\/shop\/generadores-marinos\/abbi-10art-es\/","title":{"rendered":"Abbi 10ART"},"content":{"rendered":"<p>El Abbi 10ART le permite transportar combustible f\u00e1cilmente en una obra. Con un gran armario para equipos con cerradura y un dise\u00f1o de doble pared, el Abbi es su reabastecedor m\u00f3vil seguro y f\u00e1cil de usar.<\/p>\n<ul>\n<li>Transportable. El Abbi es totalmente transportable cuando est\u00e1 lleno de combustible. Las argollas de elevaci\u00f3n para carga completa, los deflectores internos y los bolsillos para montacargas proporcionan una movilidad segura y confiable mediante gr\u00faa o montacargas hasta el lugar de trabajo o dentro de \u00e9l.<\/li>\n<li>Seguro. El gran armario con cerradura para equipos puede albergar y proteger una gran variedad de bombas y carretes de manguera. Los puertos de acceso seguros para las mangueras permiten repostar con el armario cerrado. Este armario recoge los derrames y protege su equipo contra robos o da\u00f1os.<\/li>\n<li>Accesible. La boca de acceso permite acceder f\u00e1cilmente al tanque interior para realizar tareas rutinarias de limpieza y mantenimiento.<\/li>\n<li>Dise\u00f1o innovador. La forma \u00fanica del dep\u00f3sito tiene un centro de gravedad m\u00e1s bajo, lo que significa una movilidad m\u00e1s segura y fiable.<\/li>\n<li>Seguro para el medio ambiente. El Abbi tiene doble pared y est\u00e1 totalmente cerrado para garantizar el almacenamiento y la transferencia de combustible m\u00e1s seguros y respetuosos con el medio ambiente.<\/li>\n<\/ul>\n<p><strong><a href=\"https:\/\/www.calpower.com\/web\/wp-content\/uploads\/SDS_10ART_NA_V1.pdf\">Descargar PDF<\/a><\/strong><\/p>\n","protected":false},"excerpt":{"rendered":"<p>El Abbi 10ART le permite transportar combustible f\u00e1cilmente en una obra. Con un gran armario para equipos con cerradura y un dise\u00f1o de doble pared, el Abbi es su reabastecedor m\u00f3vil seguro y f\u00e1cil de usar. Transportable. El Abbi es totalmente transportable cuando est\u00e1 lleno de combustible. Las argollas de elevaci\u00f3n para carga completa, los [&hellip;]<\/p>\n","protected":false},"featured_media":1020,"comment_status":"closed","ping_status":"closed","template":"","meta":{"_acf_changed":false,"_joinchat":[]},"product_brand":[93],"product_cat":[482],"product_tag":[441],"class_list":{"0":"post-6504","1":"product","2":"type-product","3":"status-publish","4":"has-post-thumbnail","6":"product_brand-western-global","7":"product_cat-generadores-marinos","8":"product_tag-es","10":"first","11":"instock","12":"shipping-taxable","13":"product-type-simple"},"acf":[],"_links":{"self":[{"href":"https:\/\/www.calpower.com\/web\/wp-json\/wp\/v2\/product\/6504","targetHints":{"allow":["GET"]}}],"collection":[{"href":"https:\/\/www.calpower.com\/web\/wp-json\/wp\/v2\/product"}],"about":[{"href":"https:\/\/www.calpower.com\/web\/wp-json\/wp\/v2\/types\/product"}],"replies":[{"embeddable":true,"href":"https:\/\/www.calpower.com\/web\/wp-json\/wp\/v2\/comments?post=6504"}],"wp:featuredmedia":[{"embeddable":true,"href":"https:\/\/www.calpower.com\/web\/wp-json\/wp\/v2\/media\/1020"}],"wp:attachment":[{"href":"https:\/\/www.calpower.com\/web\/wp-json\/wp\/v2\/media?parent=6504"}],"wp:term":[{"taxonomy":"product_brand","embeddable":true,"href":"https:\/\/www.calpower.com\/web\/wp-json\/wp\/v2\/product_brand?post=6504"},{"taxonomy":"product_cat","embeddable":true,"href":"https:\/\/www.calpower.com\/web\/wp-json\/wp\/v2\/product_cat?post=6504"},{"taxonomy":"product_tag","embeddable":true,"href":"https:\/\/www.calpower.com\/web\/wp-json\/wp\/v2\/product_tag?post=6504"}],"curies":[{"name":"wp","href":"https:\/\/api.w.org\/{rel}","templated":true}]}}