{"id":6485,"date":"2025-10-15T16:33:50","date_gmt":"2025-10-15T23:33:50","guid":{"rendered":"https:\/\/www.calpower.com\/web\/?post_type=product&#038;p=6485"},"modified":"2025-10-23T14:50:03","modified_gmt":"2025-10-23T21:50:03","slug":"transtank-400tts-2","status":"publish","type":"product","link":"https:\/\/www.calpower.com\/web\/shop\/generadores-marinos\/transtank-400tts-2\/","title":{"rendered":"TransTank 400TTS"},"content":{"rendered":"<p>La serie TransTank TTS es un contenedor est\u00e1tico para combustible con una capacidad de contenci\u00f3n del 110 % y un armario para bombas con un \u00e1rea de almacenamiento de equipos. La serie TTS est\u00e1 fabricada seg\u00fan las normas ULC y UL, cumple con la norma BS799 Parte 5 y con la normativa PPG2.<\/p>\n<ul>\n<li>Contenedor de almacenamiento de combustible de doble pared con una capacidad del 110 % para cumplir con la normativa medioambiental.<\/li>\n<li>Con certificaci\u00f3n CSC, fabricado seg\u00fan la Convenci\u00f3n para la Seguridad de los Contenedores.<\/li>\n<li>Cierres giratorios en las esquinas superior e inferior para facilitar su manejo.<\/li>\n<li>Se pueden apilar 6 contenedores llenos de combustible, lo que reduce los requisitos de espacio de almacenamiento y el espacio necesario en el lugar de destino.<\/li>\n<li>La bomba, las v\u00e1lvulas, las salidas y los accesorios se encuentran dentro del gabinete con cerradura, que est\u00e1 equipado con un sumidero para recoger derrames.<\/li>\n<li>Las salidas auxiliares de alimentaci\u00f3n y retorno est\u00e1n montadas en la parte superior para ayudar a prevenir fugas de combustible con salidas de 3&#8243; en la parte inferior del tanque.<\/li>\n<li>Para mayor seguridad, las mangueras se pueden pasar por cualquiera de las 4 ranuras, lo que permite mantener las puertas cerradas con llave mientras se utiliza.<\/li>\n<li>Contenido de calidad y medidores de contenci\u00f3n. Conexi\u00f3n de llenado r\u00e1pido de combustible de 3&#8243; en el armario con dispositivo de prevenci\u00f3n de sobrellenado de alto rendimiento.<\/li>\n<li>Escalera de acceso a la plataforma de operaci\u00f3n para operaciones de llenado superior y mantenimiento en ambos lados con placas protectoras. Se puede acceder al tanque interior a trav\u00e9s de 2 bocas de acceso para mantenimiento e inspecci\u00f3n.<\/li>\n<li>Opci\u00f3n de hasta 4 juegos de conexiones de alimentaci\u00f3n y retorno, adem\u00e1s de alimentaci\u00f3n de bomba\/equipo auxiliar.<\/li>\n<li>Pintura y aplicaci\u00f3n con especificaciones marinas Ral 9001 Blanco.<\/li>\n<\/ul>\n<p><strong><a href=\"https:\/\/www.calpower.com\/web\/wp-content\/uploads\/SDS_400TTS_NA_V1.pdf\">Descarga PDF<\/a><\/strong><\/p>\n","protected":false},"excerpt":{"rendered":"<p>La serie TransTank TTS es un contenedor est\u00e1tico para combustible con una capacidad de contenci\u00f3n del 110 % y un armario para bombas con un \u00e1rea de almacenamiento de equipos. La serie TTS est\u00e1 fabricada seg\u00fan las normas ULC y UL, cumple con la norma BS799 Parte 5 y con la normativa PPG2. Contenedor de [&hellip;]<\/p>\n","protected":false},"featured_media":1122,"comment_status":"closed","ping_status":"closed","template":"","meta":{"_acf_changed":false,"_joinchat":[]},"product_brand":[93],"product_cat":[482],"product_tag":[441],"class_list":{"0":"post-6485","1":"product","2":"type-product","3":"status-publish","4":"has-post-thumbnail","6":"product_brand-western-global","7":"product_cat-generadores-marinos","8":"product_tag-es","10":"first","11":"instock","12":"shipping-taxable","13":"product-type-simple"},"acf":[],"_links":{"self":[{"href":"https:\/\/www.calpower.com\/web\/wp-json\/wp\/v2\/product\/6485","targetHints":{"allow":["GET"]}}],"collection":[{"href":"https:\/\/www.calpower.com\/web\/wp-json\/wp\/v2\/product"}],"about":[{"href":"https:\/\/www.calpower.com\/web\/wp-json\/wp\/v2\/types\/product"}],"replies":[{"embeddable":true,"href":"https:\/\/www.calpower.com\/web\/wp-json\/wp\/v2\/comments?post=6485"}],"wp:featuredmedia":[{"embeddable":true,"href":"https:\/\/www.calpower.com\/web\/wp-json\/wp\/v2\/media\/1122"}],"wp:attachment":[{"href":"https:\/\/www.calpower.com\/web\/wp-json\/wp\/v2\/media?parent=6485"}],"wp:term":[{"taxonomy":"product_brand","embeddable":true,"href":"https:\/\/www.calpower.com\/web\/wp-json\/wp\/v2\/product_brand?post=6485"},{"taxonomy":"product_cat","embeddable":true,"href":"https:\/\/www.calpower.com\/web\/wp-json\/wp\/v2\/product_cat?post=6485"},{"taxonomy":"product_tag","embeddable":true,"href":"https:\/\/www.calpower.com\/web\/wp-json\/wp\/v2\/product_tag?post=6485"}],"curies":[{"name":"wp","href":"https:\/\/api.w.org\/{rel}","templated":true}]}}